se 2, what is -11011100100000000010110010 - 11?
-11011100100000000010110101
In base 10, what is 2 + -8834909?
-8834907
In base 6, what is -130120 - 21405?
-151525
In base 9, what is 1 - 35167716?
-35167715
In base 14, what is 5 + -997358?
-997353
In base 11, what is -1737 - -848?
-99a
In base 11, what is -279 - 168511a?
-1685398
In base 7, what is 0 + -4510141312?
-4510141312
In base 15, what is -8acb91 - 2?
-8acb93
In base 16, what is 66a12 - -184?
66b96
In base 13, what is 5b39561 + 0?
5b39561
In base 14, what is 21b8 + -1522?
a96
In base 15, what is 248da64 - 0?
248da64
In base 10, what is 545 + 15428?
15973
In base 7, what is -220 - -506156?
505636
In base 7, what is 20122 + 11065?
31220
In base 8, what is -6 + -2306455?
-2306463
In base 7, what is 1311330114 + -5?
1311330106
In base 12, what is 164 - 49aa?
-4846
In base 2, what is -10110110110111000110 + -1100010?
-10110110111000101000
In base 12, what is 132aa8 - -23?
132b0b
In base 16, what is cca08 - -b?
cca13
In base 6, what is -55410512 - -40?
-55410432
In base 16, what is -5 - 12340038?
-1234003d
In base 8, what is -30137201 - 6?
-30137207
In base 13, what is -33cb - -8560?
5162
In base 12, what is -62748 + -1b23?
-6466b
In base 5, what is 1223 + 1111433?
1113211
In base 16, what is 3f + -3ddec?
-3ddad
In base 9, what is 117 + 113571?
113688
In base 4, what is 13221133 + -131031?
13030102
In base 11, what is -609 - -2476a?
24161
In base 7, what is -2055601430 + -4?
-2055601434
In base 9, what is 2360745 - -62?
2360817
In base 8, what is 711604 + 141?
711745
In base 2, what is -11111010010100111010111001 + 11?
-11111010010100111010110110
In base 13, what is -8 - 11a7836?
-11a7841
In base 3, what is 10 - 100002211221100221?
-100002211221100211
In base 2, what is 1110001111000111110 + 10100?
1110001111001010010
In base 16, what is 2b - -9483?
94ae
In base 10, what is -332 - 6515?
-6847
In base 7, what is 5 + 5461405143?
5461405151
In base 13, what is -24 + c752a?
c7506
In base 2, what is -100 + 1011010100101001011100111?
1011010100101001011100011
In base 5, what is -1020133 - 342341?
-1413024
In base 8, what is 36211 - -3070?
41301
In base 2, what is -1011111011011 + 1000101100?
-1010110101111
In base 15, what is -1 - 23e1169?
-23e116a
In base 4, what is 122120 + -1122?
120332
In base 16, what is 1 - -8127bd?
8127be
In base 10, what is -1848 - 278807?
-280655
In base 7, what is 13630133623 + 4?
13630133630
In base 11, what is -2 - 76986a?
-769871
In base 4, what is 13313133 + 200?
13313333
In base 2, what is 1010101110011101010001 - 1010?
1010101110011101000111
In base 3, what is -2020 + -1012201022121?
-1012201101211
In base 2, what is -101100 - 11110100100100110001?
-11110100100101011101
In base 7, what is -6263 + -4262?
-13555
In base 13, what is 33cba - -c8a?
34c77
In base 14, what is 2675 - -770d?
9d84
In base 14, what is 9688a - -8?
96894
In base 12, what is 7 + 96b779?
96b784
In base 14, what is d4 - 6c32?
-6b3c
In base 12, what is 4 + -272977?
-272973
In base 7, what is -15 - 630331233?
-630331251
In base 11, what is 9450a89 - 5?
9450a84
In base 2, what is 1010010 + 10011011011110?
10011100110000
In base 9, what is -122 + 166352?
166230
In base 7, what is -4256 + 202263?
165004
In base 6, what is -2522035 + 302?
-2521333
In base 14, what is 1d769 - -18d?
1d918
In base 13, what is -2 + -cb05896?
-cb05898
In base 12, what is -a6442 - -1b4?
-a624a
In base 6, what is -22 - 1503200?
-1503222
In base 4, what is -11 + 3202231233320?
3202231233303
In base 3, what is -11220 - 20010211001?
-20010222221
In base 8, what is -1471 + 44524?
43033
In base 8, what is -50764105 - 3?
-50764110
In base 9, what is -470552 + 20?
-470532
In base 14, what is c97dd - 7?
c97d6
In base 9, what is -16 + -70825770?
-70825786
In base 5, what is -2114104 + 20140?
-2043414
In base 8, what is -14 + 4614272?
4614256
In base 14, what is -7a4 + a4697?
a3cd3
In base 12, what is -506 - 73291?
-73797
In base 13, what is -5465 - -1cc6?
-346c
In base 15, what is 2855 - 363?
24e2
In base 13, what is 5 + -5b87b?
-5b876
In base 14, what is -1 - -add491?
add490
In base 16, what is 58 + 174ae?
17506
In base 16, what is -281 - 2046b?
-206ec
In base 5, what is -10 + 103310112143?
103310112133
In base 12, what is -148 - -b7b06?
b797a
In base 12, what is -102 - -12ba176?
12ba074
In base 11, what is 306 - 4a64?
-4759
In base 15, what is -5 + -1990cc39?
-1990cc3e
In base 4, what is -111312332 + 13130?
-111233202
In base 5, what is 1140 - -204422220?
204423410
In base 8, what is 242 - -131710?
132152
In base 11, what is 69188 + 146?
69323
In base 11, what is -4 + -120374a0?
-120374a4
In base 3, what is -212111221121022 + 101?
-212111221120221
In base 10, what is 112 - -2208867?
2208979
In base 3, what is -110012211 + -1012122111?
-1122212022
In base 4, what is 1132 - 220123013?
-220121221
In base 11, what is 4 - -508a57?
508a60
In base 5, what is -10 - -1100344331?
1100344321
In base 13, what is 5b68 - -6a7?
6542
In base 8, what is -154 + -216776?
-217152
In base 6, what is -15151420 + -44?
-15151504
In base 2, what is -1 + 1100000001101100110111101?
1100000001101100110111100
In base 3, what is 11 - -210001112121110?
210001112121121
In base 6, what is 205400423 + 20?
205400443
In base 7, what is -42552546 + -3?
-42552552
In base 15, what is -82e3 + 1ce?
-8114
In base 16, what is 473711 - 31?
4736e0
In base 7, what is -2 - -2002603646?
2002603644
In base 6, what is 152 - -1542010?
1542202
In base 2, what is -1100101101110 - -110101110010111?
101001000101001
In base 4, what is 2321 + -30311013?
-30302032
In base 7, what is 1101143162 + 0?
1101143162
In base 13, what is -1 + 1840676a?
18406769
In base 3, what is 22222100021001120 + 11?
22222100021001201
In base 11, what is 4 + -a26a713?
-a26a70a
In base 7, what is -1104 + 100262?
66155
In base 9, what is 38 - 1266600?
-1266551
In base 15, what is 1448d - -13c?
145ca
In base 5, what is 21243422 - 41433?
21201434
In base 7, what is -263022 + -15020?
-311042
In base 8, what is -307 - 5515?
-6024
In base 4, what is -1323201301230 + -10?
-1323201301300
In base 14, what is 7d310 + 98?
7d3a8
In base 12, what is -28 - -a4a02?
a4996
In base 3, what is -2021020220100212 + -11?
-2021020220101000
In base 11, what is -118a - -a596?
9407
In base 8, what is 3 + -2505003?
-2505000
In base 3, what is 22022020120102 + 11?
22022020120120
In base 14, what is 547dbd + -4?
547db9
In base 10, what is 4 + -3515125?
-3515121
In base 7, what is -5125036 - -20?
-5125016
In base 14, what is -5611450 + 1?
-561144d
In base 7, what is -2462 + 4342?
1550
In base 6, what is 40353043004 + -4?
40353043000
In base 4, what is 21123 - -1003111211?
1003133000
In base 5, what is 10 - -1220341141?
1220341201
In base 3, what is -1112100010 - 1012010021?
-2201110101
In base 11, what is a146 - 202?
9a44
In base 9, what is 2 + 313235?
313237
In base 16, what is 156 + -4f3?
-39d
In base 6, what is -15125 - 24014?
-43143
In base 14, what is 2 - 5293a?
-52938
In base 2, what is -101010010 + -10101111100111010?
-10110000010001100
In base 5, what is -1 + -20413433112?
-20413433113
In base 4, what is -32312 + -2011032?
-2110010
In base 3, what is -202 + 11001122101212202?
11001122101212000
In base 7, what is -1205452 + 1056?
-1204363
In base 14, what is 2bc222a - -2?
2bc222c
In base 14, what is -9a4 - 137a?
-1d40
In base 8, what is 140002 - 122?
137660
In base 4, what is 21 + 1312311220313?
1312311221000
In base 5, what is 111 - -30102020343?
30102021004
In base 5, what is 10331 + -33112043?
-33101212
In base 4, what is 1133 + 11310303132?
11310310331
In base 2, what is -111100100 - -110000111101011?
110000000000111
In base 6, what is -13215 + 1433400?
1420141
In base 14, what is 1d98d - 568?
1d425
In base 6, what is 4 - 4013022045?
-4013022041
In base 9, what is 0 - -10163874?
10163874
In base 8, what is 6106111 + -21?
6106070
In base 3, what is -10022000022 + 102212?
-10021120110
In base 8, what is -4 - -13055302?
13055276
In base 3, what is 22020110220 + 111?
22020111101
In base 16, what is -b1 - b075?
-b126
In base 6, what is 10523143 - -114?
10523301
In base 14, what is -155d - 13178?
-146d7
In base 3, what is -120212001 - -2010012?
-111201212
In base 2, what is -100 - -1110111001000000000010?
1110111000111111111110
In bas